 96*m**2 + 1982*m + 4176. Determine w(64).
-48
Let s(b) = 91*b**2 + 195*b - 2139. Give s(-6).
-33
Let f(m) = -435*m**2 + 65*m + 122. Give f(-2).
-1748
Let d(k) = -2602*k - 715720. Calculate d(-275).
-170
Let y(b) = b**2 - 211*b + 2735. What is y(199)?
347
Let f(x) = 48*x**2 + 55*x + 217. Determine f(-3).
484
Let t(x) = x**3 + 198*x**2 - 985*x + 14. Determine t(5).
164
Let y(x) = 384*x - 97592. What is y(254)?
-56
Let u(g) = -2*g**2 + 216*g + 2853. Determine u(-12).
-27
Let k(y) = 35399*y + 389361. Determine k(-11).
-28
Let d(i) = 2*i**3 - 909*i**2 - 1300*i - 30933. What is d(456)?
75
Let x(m) = 8*m**3 + 167*m**2 - 36*m - 272. Calculate x(-21).
43
Let z(a) = -a**3 + 47*a**2 - 166*a - 542. Calculate z(43).
-284
Let m(l) = -3128*l + 34575. Give m(11).
167
Let g(j) = -j**2 - 1723*j + 274878. Give g(147).
-12
Let l(t) = -t**3 - 32*t**2 - 6*t + 1572. What is l(-30)?
-48
Let x(c) = -2*c**2 + 193*c + 13866. What is x(-48)?
-6
Let y(g) = -14398*g + 244885. Determine y(17).
119
Let f(m) = 2*m**3 + 294*m**2 - 117719*m - 183. Calculate f(180).
-3
Let d(q) = -109571*q - 2629687. Determine d(-24).
17
Let p(x) = -722*x - 48004. What is p(-66)?
-352
Let l(m) = 13*m**2 - 116*m - 1286. Determine l(-11).
1563
Let v(y) = -2*y**3 - 187*y**2 + 509*y + 39003. Calculate v(-94).
-7
Let p(r) = -16511*r + 313708. Determine p(19).
-1
Let u(d) = 3233*d - 8414. Give u(3).
1285
Let g(y) = -y**3 + 13*y**2 - 64*y + 125. Calculate g(6).
-7
Let w(b) = b**3 - 8*b**2 - 303*b - 1014. What is w(-4)?
6
Let f(x) = 698*x - 205841. Give f(295).
69
Let k(f) = -f**2 + 2702*f - 145600. What is k(55)?
-15
Let g(a) = -1258*a + 567300. Calculate g(451).
-58
Let l(z) = -1307*z + 14757. Give l(12).
-927
Let b(q) = -5982*q - 83797. What is b(-14)?
-49
Let s(q) = 188*q - 1340. Calculate s(8).
164
Let m(t) = t**3 - 393*t**2 - 49300*t + 3. Determine m(493).
3
Let j(p) = 768*p - 269574. Determine j(351).
-6
Let g(y) = -101378*y + 709637. Calculate g(7).
-9
Let b(d) = d**3 + 36*d**2 - 283*d - 3234. Determine b(-41).
-36
Let h(d) = 3*d**3 - 19*d**2 + 259*d - 1488. Give h(6).
30
Let f(j) = -96846*j - 96841. What is f(-1)?
5
Let t(i) = -2*i**2 - 796*i + 5552. Give t(7).
-118
Let k(n) = -9*n**3 - 316*n**2 - 278*n - 8507. What is k(-35)?
-2
Let x(c) = -7*c**2 + 9*c + 244. Determine x(-14).
-1254
Let q(v) = 2426*v - 79978. Give q(33).
80
Let k(c) = 897*c + 132800. What is k(-148)?
44
Let j(s) = -5*s**2 - 3662*s - 546953. Determine j(-209).
0
Let g(x) = 52*x**2 - 10180*x - 2348. What is g(196)?
4
Let r(s) = -164715*s + 10541746. Give r(64).
-14
Let p(k) = -154*k**3 - 2*k**2 + 139*k + 140. Calculate p(-1).
153
Let a(q) = -q**3 + 37*q**2 - 243*q + 164. Give a(7).
-67
Let c(k) = 102*k + 5076. Calculate c(-38).
1200
Let j(f) = 2*f**2 + 8154*f - 73547. Give j(9).
1
Let n(l) = 7*l**3 + 61*l**2 + 39*l - 30. What is n(-9)?
-543
Let s(l) = 333*l - 4673. What is s(14)?
-11
Let h(m) = 4*m**3 - 175*m**2 + 169*m + 19. What is h(43)?
1739
Let q(v) = 8*v**2 + 568*v + 4590. Determine q(-9).
126
Let i(u) = 419*u + 162479. What is i(-390)?
-931
Let n(j) = 9*j**2 - 5507*j - 132004. Calculate n(635).
76
Let c(h) = -32*h + 2241. Give c(113).
-1375
Let n(o) = 4*o**2 + 291*o - 4572. What is n(-87)?
387
Let d(a) = -26*a**3 - 7*a**2 + 62*a + 312. Determine d(-3).
765
Let q(c) = -14*c**2 - 627*c + 37. Give q(-46).
-745
Let t(z) = z**3 - 185*z**2 + 7590*z - 3218. What is t(124)?
6
Let z(t) = -129*t + 24607. Determine z(190).
97
Let w(o) = 2*o**3 - 118*o**2 + 761*o - 12171. Determine w(54).
-237
Let l(r) = r**3 - 25*r**2 - 121*r + 55. What is l(31)?
2070
Let p(t) = -t**3 + 229*t**2 - 451*t - 628. Give p(227).
53
Let o(a) = 123*a - 740. Give o(-16).
-2708
Let g(z) = 8*z**2 + 1977*z + 9845. What is g(-242)?
-77
Let b(l) = -24*l**2 + 526*l + 2105. Calculate b(-4).
-383
Let w(l) = 28*l**3 - 59*l**2 - 28*l + 7. Calculate w(3).
148
Let k(r) = 16*r**2 - 458*r + 316. Determine k(28).
36
Let k(c) = 34*c**2 + 12397*c - 17211. Determine k(-366).
-9
Let n(r) = -248*r + 4892. Calculate n(20).
-68
Let d(n) = 19*n**3 - 19*n**2 - 53*n + 214. Calculate d(5).
1849
Let j(i) = -112*i**2 - 37524*i - 1328. Determine j(-335).
12
Let l(o) = 202*o**2 + 1821*o + 37. Determine l(-9).
10
Let f(x) = -4*x**2 - 209*x - 53. Calculate f(-45).
1252
Let m(z) = 6*z**2 + 655*z - 6489. Give m(10).
661
Let n(s) = -5*s**3 + 86*s**2 - 34*s + 35. What is n(17)?
-254
Let g(b) = 8*b**2 - 143*b + 603. Give g(5).
88
Let v(j) = 13648*j - 204663. What is v(15)?
57
Let d(s) = s**2 + 62705*s + 1316422. Determine d(-21).
58
Let d(p) = -4*p**3 - 86*p**2 - 437*p + 80. What is d(-13)?
15
Let k(c) = c**3 - 49*c**2 + 918*c - 44991. What is k(49)?
-9
Let u(c) = 7*c**3 - 792*c**2 + 3141*c + 2169. Determine u(109).
-11
Let a(p) = -2*p**3 - 496*p**2 - 7459*p - 7. Calculate a(-16).
553
Let o(y) = -151*y**2 - 701*y - 1397. Calculate o(-2).
-599
Let y(v) = 2*v**2 - 13948*v + 153240. Calculate y(11).
54
Let k(d) = 2*d**3 + 720*d**2 + 13631*d + 617. Calculate k(-20).
-3
Let a(b) = -b**3 - 15*b**2 + 91*b + 326. Give a(-4).
-214
Let s(j) = -4*j**3 + 15*j**2 - 52*j + 172. Give s(10).
-2848
Let d(l) = -8718*l + 34943. Give d(4).
71
Let n(u) = 3609*u + 43533. Calculate n(-12).
225
Let c(r) = 7*r**3 - 12*r**2 + 52*r + 31. Calculate c(4).
495
Let z(o) = -o**2 + 1256*o - 192375. Calculate z(179).
408
Let k(q) = -4417*q + 64783. Determine k(15).
-1472
Let j(u) = 1312*u + 951. Give j(-2).
-1673
Let a(r) = -3*r**2 + 1267*r - 108927. Give a(302).
95
Let x(n) = n**3 - 136*n**2 - 133*n + 86. What is x(137)?
634
Let q(m) = -m**2 - 767*m + 159357. Calculate q(170).
67
Let n(s) = 4900*s - 245000. What is n(50)?
0
Let t(p) = 3*p**3 - 198*p**2 - 836*p - 94. Determine t(70).
186
Let j(w) = 3*w**3 - 2*w**2 - 159*w - 383. What is j(-5)?
-13
Let c(z) = -z**3 - 6*z**2 - 745*z - 7479. Determine c(-10).
371
Let c(s) = -29653*s + 29619. Determine c(1).
-34
Let a(g) = 256662*g + 513432. Determine a(-2).
108
Let i(w) = -39*w - 1514. Determine i(-14).
-968
Let l(b) = 26291*b + 683551. What is l(-26)?
-15
Let k(h) = h**3 + 112*h**2 + 219*h - 119. Give k(-110).
-9
Let x(s) = -14*s**3 + 7530*s**2 + 1075*s + 542. Give x(538).
4
Let d(p) = p**3 + 44*p**2 - 327*p - 17. What is d(7)?
193
Let a(p) = -937*p + 17782. Give a(19).
-21
Let n(x) = -37132*x - 4604368. Calculate n(-124).
0
Let v(q) = 6*q**3 + 100*q**2 + 53*q - 20. What is v(-16)?
156
Let o(h) = 6021*h + 867032. What is o(-144)?
8
Let a(g) = 23*g**3 + 84*g**2 + 77*g + 380. What is a(-5)?
-780
Let z(q) = -5*q**2 + 492*q + 806. Calculate z(100).
6
Let o(n) = -134*n**2 + 744*n - 5. Give o(6).
-365
Let l(c) = -15*c**2 - 1162*c - 2336. Calculate l(-2).
-72
Let w(z) = -19517*z - 2420104. What is w(-124)?
4
Let h(c) = 2*c**3 - 3*c**2 + 35*c + 891. Calculate h(0).
891
Let j(b) = b**2 - 675*b + 72478. Determine j(134).
-16
Let h(x) = 126999*x - 1777952. Calculate h(14).
34
Let h(j) = -4350*j + 25935. Determine h(6).
-165
Let m(c) = 9*c**3 + 109*c**2 - 861*c - 10483. Give m(-12).
-7
Let g(c) = 7045*c + 253590. Calculate g(-36).
-30
Let o(l) = -l**3 + 75*l**2 - 325*l + 29372. Calculate o(77).
-7511
Let r(u) = 583*u + 626. Give r(-3).
-1123
Let c(r) = 8*r**3 - 50*r**2 + 3*r + 6. Calculate c(0).
6
Let x(c) = -2*c**3 - 94*c**2 - 1141*c - 1021. Calculate x(-25).
4
Let z(d) = d**3 - 12*d**2 - 5*d - 19. What is z(15)?
581
Let n(b) = b**3 - 164*b**2 - 308*b + 47. What is n(-2)?
-1
Let m(a) = a**3 - 41*a**2 - 72747*a + 391. Determine m(-250).
-359
Let v(h) = 52*h**3 + 991*h**2 + 74*h + 321. What is v(-19)?
-2
Let k(t) = -11189*t - 492328. Determine k(-44).
-12
Let f(p) = -p**3 + 5*p**2 + 140*p - 670. What is f(5)?
30
Let k(m) = -7*m**2 + 332*m + 6393. What is k(-18)?
-1851
Let i(v) = -8*v**2 + 26*v + 10708. Calculate i(-35).
-2
Let o(u) = -451*u + 1301. What is o(-5)?
3556
Let h(y) = 19*y**3 + 271*y**2 + 34*y - 111. Give h(-14).
393
Let d(y) = -170*y**2 + 271*y - 27. Give d(1).
74
Let p(m) = -133*m**2 + 738*m - 4487. Determine p(6).
-4847
Let t(a) = -a**3 - 14*a**2 + 46376*a + 464164. Calculate t(-10).
4
Let v(q) = -4*q**3 + 82*q**2 - 54*q - 2377. Give v(18).
-109
Let w(h) = 16741*h**2 + 184127*h - 264. Give w(-11).
0
Let c(i) = 387*i**2 + 6193*i - 51. Calculate c(-16).
-67
Let c(g) = 5940*g + 130574. What is c(-22)?
-106
Let v(r) = -r**2 - 321*r + 38434. Calculate v(93).
-68
Let r(d) = -d*